?
13
What is the highest common divisor of 7 and 679?
7
Calculate the greatest common factor of 2420 and 20.
20
Calculate the highest common divisor of 102460 and 10.
10
What is the highest common factor of 22 and 4?
2
What is the greatest common divisor of 36 and 324?
36
Calculate the highest common factor of 47 and 11703.
47
What is the greatest common divisor of 8336 and 16?
16
Calculate the greatest common factor of 273 and 195.
39
Calculate the greatest common factor of 24 and 3300.
12
What is the greatest common divisor of 42 and 192?
6
Calculate the highest common divisor of 134 and 9313.
67
What is the greatest common factor of 395 and 6241?
79
Calculate the highest common factor of 80 and 48.
16
Calculate the highest common factor of 3220 and 140.
140
What is the highest common factor of 25235 and 49?
49
Calculate the highest common divisor of 350 and 100.
50
Calculate the greatest common divisor of 2756 and 104.
52
What is the greatest common divisor of 24 and 168?
24
Calculate the highest common divisor of 66 and 176.
22
Calculate the highest common divisor of 44 and 1298.
22
Calculate the highest common factor of 114 and 34998.
114
Calculate the highest common factor of 48 and 1264.
16
What is the highest common divisor of 290 and 6090?
290
Calculate the highest common factor of 95 and 95.
95
What is the greatest common factor of 171 and 38?
19
What is the greatest common factor of 74 and 518?
74
Calculate the greatest common factor of 27522 and 278.
278
Calculate the highest common divisor of 288 and 168.
24
What is the highest common factor of 7 and 7763?
7
What is the highest common factor of 1333 and 124?
31
Calculate the highest common factor of 2 and 74.
2
What is the highest common factor of 2825 and 50?
25
What is the highest common divisor of 48 and 11040?
48
Calculate the greatest common divisor of 948 and 3002.
158
Calculate the highest common factor of 855 and 38.
19
Calculate the greatest common divisor of 195 and 2610.
15
Calculate the highest common divisor of 2 and 656.
2
Calculate the greatest common factor of 92 and 230.
46
What is the greatest common factor of 696 and 792?
24
Calculate the greatest common divisor of 1 and 29.
1
Calculate the highest common divisor of 160 and 32.
32
Calculate the highest common factor of 1150 and 46.
46
Calculate the highest common divisor of 3341 and 143.
13
What is the greatest common factor of 92 and 16008?
92
What is the highest common divisor of 759 and 69?
69
Calculate the greatest common divisor of 4 and 1.
1
Calculate the highest common factor of 2128 and 168.
56
What is the greatest common factor of 93 and 62?
31
Calculate the highest common divisor of 17498 and 130.
26
What is the highest common divisor of 85 and 20?
5
Calculate the greatest common factor of 119 and 561.
17
Calculate the greatest common divisor of 310 and 10.
10
Calculate the greatest common factor of 130 and 220.
10
Calculate the highest common factor of 186 and 434.
62
What is the greatest common divisor of 574 and 70?
14
What is the greatest common factor of 5037 and 69?
69
What is the greatest common factor of 1403 and 23?
23
What is the highest common factor of 144 and 136?
8
What is the highest common factor of 292 and 365?
73
What is the greatest common factor of 399 and 315?
21
Calculate the highest common factor of 790 and 3634.
158
Calculate the highest common divisor of 5 and 115.
5
Calculate the greatest common divisor of 5546 and 177.
59
Calculate the highest common factor of 14868 and 28.
28
Calculate the highest common divisor of 99 and 9.
9
What is the highest common factor of 360 and 450?
90
What is the highest common factor of 28 and 252?
28
Calculate the greatest common divisor of 23520 and 5.
5
Calculate the greatest common factor of 522 and 58.
58
What is the highest common factor of 2322 and 54?
54
Calculate the highest common factor of 44 and 1122.
22
What is the highest common factor of 135 and 1785?
15
What is the greatest common factor of 427 and 488?
61
What is the highest common divisor of 490 and 20?
10
What is the highest common divisor of 45 and 27?
9
What is the greatest common factor of 29 and 261?
29
Calculate the highest common divisor of 216 and 48.
24
Calculate the highest common factor of 803 and 22.
11
What is the highest common divisor of 15 and 885?
15
What is the greatest common factor of 992 and 93?
31
Calculate the greatest common factor of 306 and 12954.
102
Calculate the greatest common factor of 41 and 123.
41
Calculate the greatest common divisor of 4988 and 258.
86
What is the greatest common factor of 90 and 108?
18
What is the highest common factor of 52 and 2314?
26
What is the highest common factor of 540 and 3060?
180
Calculate the highest common divisor of 104 and 962.
26
What is the greatest common factor of 152 and 1539?
19
Calculate the greatest common factor of 329 and 376.
47
Calculate the greatest common factor of 8512 and 228.
76
Calculate the highest common factor of 143 and 26.
13
Calculate the greatest common factor of 51 and 1479.
51
Calculate the greatest common divisor of 24397 and 62.
31
Calculate the greatest common divisor of 675 and 150.
75
What is the greatest common divisor of 24 and 2532?
12
What is the highest common factor of 767 and 13?
13
Calculate the greatest common factor of 52 and 16172.
52
What is the highest common divisor of 148 and 44?
4
What is the highest common divisor of 411 and 1?
1
What is the highest common divisor of 99 and 121?
11
What is the greatest common factor of 114 and 6?
6
Calculate the highest common divisor of 8 and 288.
8
What is the greatest common factor of 20 and 66?
2
Calculate the highest common factor of 20 and 720.
20
Calculate the greatest common factor of 475 and 3040.
95
What is the highest common factor of 28 and 1169?
7
What is the highest common divisor of 285 and 33?
3
Calculate the highest common factor of 1 and 4.
1
What is the highest common divisor of 206 and 31106?
206
Calculate the greatest common divisor of 928 and 72.
8
Calculate the greatest common factor of 408 and 2890.
34
What is the highest common factor of 460 and 138?
46
What is the greatest common divisor of 15 and 27?
3
Calculate the highest common divisor of 15203 and 23.
23
What is the highest common factor of 13 and 7?
1
Calculate the greatest common divisor of 322 and 1771.
161
What is the highest common factor of 2353 and 689?
13
What is the highest common divisor of 16 and 248?
8
What is the highest common divisor of 15 and 327?
3
Calculate the greatest common divisor of 657 and 23433.
219
Calculate the greatest common divisor of 643 and 2.
1
Calculate the greatest common divisor of 190 and 2790.
10
Calculate the highest common factor of 22 and 15026.
22
Calculate the highest common factor of 11 and 33363.
11
Calculate the highest common factor of 1044 and 54.
18
What is the highest common divisor of 147 and 399?
21
What is the greatest common factor of 36 and 16362?
18
What is the highest common factor of 138 and 621?
69
Calculate the highest common factor of 374 and 55.
11
Calculate the highest common divisor of 76 and 19.
19
Calculate the highest common divisor of 1179 and 917.
131
What is the highest common divisor of 1404 and 24?
12
What is the highest common divisor of 3 and 4?
1
Calculate the highest common factor of 28270 and 440.
110
What is the greatest common divisor of 6145 and 10?
5
Calculate the greatest common divisor of 1927 and 41.
41
What is the greatest common factor of 2580 and 10?
10
What is the greatest common divisor of 203 and 87?
29
Calculate the highest common divisor of 456 and 57.
57
Calculate the highest common factor of 18552 and 24.
24
What is the highest common divisor of 756 and 203?
7
Calculate the greatest common divisor of 47 and 1504.
47
What is the greatest common factor of 24 and 13224?
24
What is the greatest common divisor of 216 and 576?
72
What is the greatest common divisor of 416 and 52?
52
Calculate the highest common factor of 55 and 935.
55
Calculate the greatest common factor of 1647 and 27.
27
What is the greatest common factor of 24 and 3444?
12
What is the greatest common divisor of 6 and 70?
2
What is the greatest common divisor of 29 and 29?
29
Calculate 